{"id":5,"date":"2014-12-04T09:31:27","date_gmt":"2014-12-04T09:31:27","guid":{"rendered":"http:\/\/www.scenesbuissonnieres.com\/scenesB\/?page_id=5"},"modified":"2018-06-09T18:58:06","modified_gmt":"2018-06-09T17:58:06","slug":"accueil","status":"publish","type":"page","link":"https:\/\/www.scenesbuissonnieres.com\/scenesB\/","title":{"rendered":"Accueil"},"content":{"rendered":"<p>&nbsp;<\/p>\n<p><img decoding=\"async\" loading=\"lazy\" class=\"alignnone size-medium wp-image-486\" src=\"http:\/\/www.scenesbuissonnieres.com\/scenesB\/wp-content\/uploads\/2018\/05\/site-couverture-programme-210x300.jpg\" alt=\"\" width=\"210\" height=\"300\" srcset=\"https:\/\/www.scenesbuissonnieres.com\/scenesB\/wp-content\/uploads\/2018\/05\/site-couverture-programme-210x300.jpg 210w, https:\/\/www.scenesbuissonnieres.com\/scenesB\/wp-content\/uploads\/2018\/05\/site-couverture-programme-100x143.jpg 100w, https:\/\/www.scenesbuissonnieres.com\/scenesB\/wp-content\/uploads\/2018\/05\/site-couverture-programme-150x214.jpg 150w, https:\/\/www.scenesbuissonnieres.com\/scenesB\/wp-content\/uploads\/2018\/05\/site-couverture-programme-200x286.jpg 200w, https:\/\/www.scenesbuissonnieres.com\/scenesB\/wp-content\/uploads\/2018\/05\/site-couverture-programme-300x428.jpg 300w, https:\/\/www.scenesbuissonnieres.com\/scenesB\/wp-content\/uploads\/2018\/05\/site-couverture-programme.jpg 397w\" sizes=\"(max-width: 210px) 100vw, 210px\" \/><\/p>\n<p style=\"text-align: center;\"><span style=\"font-size: 14pt; color: #003300;\"><strong>28, 29, 30 juin, et 1 er juillet 2018 \u00e0 Castres-Gironde<br \/>\n20 \u00e8me \u00e9dition du festival des Sc\u00e8nes Buissonni\u00e8res<\/strong><\/span><\/p>\n","protected":false},"excerpt":{"rendered":"<p>&nbsp; 28, 29, 30 juin, et 1 er juillet 2018 \u00e0 Castres-Gironde 20 \u00e8me \u00e9dition du festival des Sc\u00e8nes Buissonni\u00e8res<\/p>\n","protected":false},"author":1,"featured_media":0,"parent":0,"menu_order":0,"comment_status":"closed","ping_status":"closed","template":"","meta":[],"yoast_head":"<!-- This site is optimized with the Yoast SEO plugin v21.8.1 - https:\/\/yoast.com\/wordpress\/plugins\/seo\/ -->\n<title>Accueil - Sc\u00e8nes Buissonni\u00e8res<\/title>\n<meta name=\"description\" content=\"Sc\u00e8nes buissonni\u00e8res - Festival de th\u00e9\u00e2tre - 19\u00e8me \u00e9dition - 30 juin, 1 et 2 juillet 2017 \u00e0 Castres (33)\" \/>\n<meta name=\"robots\" content=\"index, follow, max-snippet:-1, max-image-preview:large, max-video-preview:-1\" \/>\n<link rel=\"canonical\" href=\"https:\/\/www.scenesbuissonnieres.com\/scenesB\/\" \/>\n<meta property=\"og:locale\" content=\"fr_FR\" \/>\n<meta property=\"og:type\" content=\"article\" \/>\n<meta property=\"og:title\" content=\"Accueil - Sc\u00e8nes Buissonni\u00e8res\" \/>\n<meta property=\"og:description\" content=\"Sc\u00e8nes buissonni\u00e8res - Festival de th\u00e9\u00e2tre - 19\u00e8me \u00e9dition - 30 juin, 1 et 2 juillet 2017 \u00e0 Castres (33)\" \/>\n<meta property=\"og:url\" content=\"https:\/\/www.scenesbuissonnieres.com\/scenesB\/\" \/>\n<meta property=\"og:site_name\" content=\"Sc\u00e8nes Buissonni\u00e8res\" \/>\n<meta property=\"article:modified_time\" content=\"2018-06-09T17:58:06+00:00\" \/>\n<meta property=\"og:image\" content=\"http:\/\/www.scenesbuissonnieres.com\/scenesB\/wp-content\/uploads\/2018\/05\/site-couverture-programme-210x300.jpg\" \/>\n<meta name=\"twitter:card\" content=\"summary_large_image\" \/>\n<script type=\"application\/ld+json\" class=\"yoast-schema-graph\">{\"@context\":\"https:\/\/schema.org\",\"@graph\":[{\"@type\":\"WebPage\",\"@id\":\"https:\/\/www.scenesbuissonnieres.com\/scenesB\/\",\"url\":\"https:\/\/www.scenesbuissonnieres.com\/scenesB\/\",\"name\":\"Accueil - Sc\u00e8nes Buissonni\u00e8res\",\"isPartOf\":{\"@id\":\"https:\/\/www.scenesbuissonnieres.com\/scenesB\/#website\"},\"datePublished\":\"2014-12-04T09:31:27+00:00\",\"dateModified\":\"2018-06-09T17:58:06+00:00\",\"description\":\"Sc\u00e8nes buissonni\u00e8res - Festival de th\u00e9\u00e2tre - 19\u00e8me \u00e9dition - 30 juin, 1 et 2 juillet 2017 \u00e0 Castres (33)\",\"breadcrumb\":{\"@id\":\"https:\/\/www.scenesbuissonnieres.com\/scenesB\/#breadcrumb\"},\"inLanguage\":\"fr-FR\",\"potentialAction\":[{\"@type\":\"ReadAction\",\"target\":[\"https:\/\/www.scenesbuissonnieres.com\/scenesB\/\"]}]},{\"@type\":\"BreadcrumbList\",\"@id\":\"https:\/\/www.scenesbuissonnieres.com\/scenesB\/#breadcrumb\",\"itemListElement\":[{\"@type\":\"ListItem\",\"position\":1,\"name\":\"Accueil\",\"item\":\"https:\/\/www.scenesbuissonnieres.com\/scenesB\/\"},{\"@type\":\"ListItem\",\"position\":2,\"name\":\"Accueil\"}]},{\"@type\":\"WebSite\",\"@id\":\"https:\/\/www.scenesbuissonnieres.com\/scenesB\/#website\",\"url\":\"https:\/\/www.scenesbuissonnieres.com\/scenesB\/\",\"name\":\"Sc\u00e8nes Buissonni\u00e8res\",\"description\":\"Le Festival de Th\u00e9\u00e2tre\",\"publisher\":{\"@id\":\"https:\/\/www.scenesbuissonnieres.com\/scenesB\/#organization\"},\"potentialAction\":[{\"@type\":\"SearchAction\",\"target\":{\"@type\":\"EntryPoint\",\"urlTemplate\":\"https:\/\/www.scenesbuissonnieres.com\/scenesB\/?s={search_term_string}\"},\"query-input\":\"required name=search_term_string\"}],\"inLanguage\":\"fr-FR\"},{\"@type\":\"Organization\",\"@id\":\"https:\/\/www.scenesbuissonnieres.com\/scenesB\/#organization\",\"name\":\"Sc\u00e8nes Buissonni\u00e8res\",\"url\":\"https:\/\/www.scenesbuissonnieres.com\/scenesB\/\",\"logo\":{\"@type\":\"ImageObject\",\"inLanguage\":\"fr-FR\",\"@id\":\"https:\/\/www.scenesbuissonnieres.com\/scenesB\/#\/schema\/logo\/image\/\",\"url\":\"https:\/\/www.scenesbuissonnieres.com\/scenesB\/wp-content\/uploads\/2025\/12\/Bandeau_Site_2026.png\",\"contentUrl\":\"https:\/\/www.scenesbuissonnieres.com\/scenesB\/wp-content\/uploads\/2025\/12\/Bandeau_Site_2026.png\",\"width\":760,\"height\":200,\"caption\":\"Sc\u00e8nes Buissonni\u00e8res\"},\"image\":{\"@id\":\"https:\/\/www.scenesbuissonnieres.com\/scenesB\/#\/schema\/logo\/image\/\"}}]}<\/script>\n<!-- \/ Yoast SEO plugin. -->","yoast_head_json":{"title":"Accueil - Sc\u00e8nes Buissonni\u00e8res","description":"Sc\u00e8nes buissonni\u00e8res - Festival de th\u00e9\u00e2tre - 19\u00e8me \u00e9dition - 30 juin, 1 et 2 juillet 2017 \u00e0 Castres (33)","robots":{"index":"index","follow":"follow","max-snippet":"max-snippet:-1","max-image-preview":"max-image-preview:large","max-video-preview":"max-video-preview:-1"},"canonical":"https:\/\/www.scenesbuissonnieres.com\/scenesB\/","og_locale":"fr_FR","og_type":"article","og_title":"Accueil - Sc\u00e8nes Buissonni\u00e8res","og_description":"Sc\u00e8nes buissonni\u00e8res - Festival de th\u00e9\u00e2tre - 19\u00e8me \u00e9dition - 30 juin, 1 et 2 juillet 2017 \u00e0 Castres (33)","og_url":"https:\/\/www.scenesbuissonnieres.com\/scenesB\/","og_site_name":"Sc\u00e8nes Buissonni\u00e8res","article_modified_time":"2018-06-09T17:58:06+00:00","og_image":[{"url":"http:\/\/www.scenesbuissonnieres.com\/scenesB\/wp-content\/uploads\/2018\/05\/site-couverture-programme-210x300.jpg"}],"twitter_card":"summary_large_image","schema":{"@context":"https:\/\/schema.org","@graph":[{"@type":"WebPage","@id":"https:\/\/www.scenesbuissonnieres.com\/scenesB\/","url":"https:\/\/www.scenesbuissonnieres.com\/scenesB\/","name":"Accueil - Sc\u00e8nes Buissonni\u00e8res","isPartOf":{"@id":"https:\/\/www.scenesbuissonnieres.com\/scenesB\/#website"},"datePublished":"2014-12-04T09:31:27+00:00","dateModified":"2018-06-09T17:58:06+00:00","description":"Sc\u00e8nes buissonni\u00e8res - Festival de th\u00e9\u00e2tre - 19\u00e8me \u00e9dition - 30 juin, 1 et 2 juillet 2017 \u00e0 Castres (33)","breadcrumb":{"@id":"https:\/\/www.scenesbuissonnieres.com\/scenesB\/#breadcrumb"},"inLanguage":"fr-FR","potentialAction":[{"@type":"ReadAction","target":["https:\/\/www.scenesbuissonnieres.com\/scenesB\/"]}]},{"@type":"BreadcrumbList","@id":"https:\/\/www.scenesbuissonnieres.com\/scenesB\/#breadcrumb","itemListElement":[{"@type":"ListItem","position":1,"name":"Accueil","item":"https:\/\/www.scenesbuissonnieres.com\/scenesB\/"},{"@type":"ListItem","position":2,"name":"Accueil"}]},{"@type":"WebSite","@id":"https:\/\/www.scenesbuissonnieres.com\/scenesB\/#website","url":"https:\/\/www.scenesbuissonnieres.com\/scenesB\/","name":"Sc\u00e8nes Buissonni\u00e8res","description":"Le Festival de Th\u00e9\u00e2tre","publisher":{"@id":"https:\/\/www.scenesbuissonnieres.com\/scenesB\/#organization"},"potentialAction":[{"@type":"SearchAction","target":{"@type":"EntryPoint","urlTemplate":"https:\/\/www.scenesbuissonnieres.com\/scenesB\/?s={search_term_string}"},"query-input":"required name=search_term_string"}],"inLanguage":"fr-FR"},{"@type":"Organization","@id":"https:\/\/www.scenesbuissonnieres.com\/scenesB\/#organization","name":"Sc\u00e8nes Buissonni\u00e8res","url":"https:\/\/www.scenesbuissonnieres.com\/scenesB\/","logo":{"@type":"ImageObject","inLanguage":"fr-FR","@id":"https:\/\/www.scenesbuissonnieres.com\/scenesB\/#\/schema\/logo\/image\/","url":"https:\/\/www.scenesbuissonnieres.com\/scenesB\/wp-content\/uploads\/2025\/12\/Bandeau_Site_2026.png","contentUrl":"https:\/\/www.scenesbuissonnieres.com\/scenesB\/wp-content\/uploads\/2025\/12\/Bandeau_Site_2026.png","width":760,"height":200,"caption":"Sc\u00e8nes Buissonni\u00e8res"},"image":{"@id":"https:\/\/www.scenesbuissonnieres.com\/scenesB\/#\/schema\/logo\/image\/"}}]}},"_links":{"self":[{"href":"https:\/\/www.scenesbuissonnieres.com\/scenesB\/wp-json\/wp\/v2\/pages\/5"}],"collection":[{"href":"https:\/\/www.scenesbuissonnieres.com\/scenesB\/wp-json\/wp\/v2\/pages"}],"about":[{"href":"https:\/\/www.scenesbuissonnieres.com\/scenesB\/wp-json\/wp\/v2\/types\/page"}],"author":[{"embeddable":true,"href":"https:\/\/www.scenesbuissonnieres.com\/scenesB\/wp-json\/wp\/v2\/users\/1"}],"replies":[{"embeddable":true,"href":"https:\/\/www.scenesbuissonnieres.com\/scenesB\/wp-json\/wp\/v2\/comments?post=5"}],"version-history":[{"count":12,"href":"https:\/\/www.scenesbuissonnieres.com\/scenesB\/wp-json\/wp\/v2\/pages\/5\/revisions"}],"predecessor-version":[{"id":1340,"href":"https:\/\/www.scenesbuissonnieres.com\/scenesB\/wp-json\/wp\/v2\/pages\/5\/revisions\/1340"}],"wp:attachment":[{"href":"https:\/\/www.scenesbuissonnieres.com\/scenesB\/wp-json\/wp\/v2\/media?parent=5"}],"curies":[{"name":"wp","href":"https:\/\/api.w.org\/{rel}","templated":true}]}}