{"id":1062,"date":"2023-01-17T08:56:04","date_gmt":"2023-01-17T07:56:04","guid":{"rendered":"http:\/\/www.scenesbuissonnieres.com\/scenesB\/?page_id=1062"},"modified":"2024-10-17T16:09:05","modified_gmt":"2024-10-17T15:09:05","slug":"au-revoir-2022","status":"publish","type":"page","link":"https:\/\/www.scenesbuissonnieres.com\/scenesB\/au-revoir\/au-revoir-2022\/","title":{"rendered":"Au revoir 2023"},"content":{"rendered":"\n<p><strong>Avoir 25 ans \u00e0 L\u00e9ognan<\/strong><\/p>\n\n\n\n<p>Un quart de si\u00e8cle \u00e0 parcourir les Terres de Montesquieu&nbsp;! Notre festival revient dans les communes d\u00e9j\u00e0 visit\u00e9es mais qui ont \u00e9volu\u00e9 au cours de cette p\u00e9riode. Nous aussi avons \u00e9volu\u00e9 en \u00e9largissant notre offre dans la dur\u00e9e du festival et dans la diversit\u00e9 des spectacles propos\u00e9s.<\/p>\n\n\n\n<p>On ressent l\u2019enthousiasme du public qui nous retrouve et des nouveaux arrivants qui nous d\u00e9couvrent, c\u2019est notre premier motif de satisfaction&nbsp;!<\/p>\n\n\n\n<p>Satisfaits aussi de profiter \u00e0 L\u00e9ognan du vaste espace buissonnier mis \u00e0 notre disposition par la commune autour de la mairie, de Pontaulic et des \u00e9coles et \u00e9quipements publics du centre. Cet espace a \u00e9t\u00e9 investi par les 43 troupes qui ont assur\u00e9 quelque 80 repr\u00e9sentations devant pr\u00e8s de 8 000 spectateurs malgr\u00e9 la m\u00e9t\u00e9o capricieuse du samedi.<\/p>\n\n\n\n<p>Ouverture du Festival le vendredi en chanson, en chor\u00e9graphie et en rythme autour du monde avec les enfants des \u00e9coles avant de laisser la place aux premiers spectacles de th\u00e9\u00e2tre, musique, chant, danse, lectures, improvisations, contes, \u2026<\/p>\n\n\n\n<p>En cl\u00f4ture de cette premi\u00e8re soir\u00e9e, la Compagnie Lapin 34 a pr\u00e9sent\u00e9 BROGLII, un huis clos \u00e0 3 personnages en mode \u00ab&nbsp;exercices de style&nbsp;\u00bb suivant les choix des spectateurs ravis de d\u00e9couvrir ces diff\u00e9rentes versions toutes aussi dr\u00f4les d\u2019un m\u00eame sc\u00e9nario.<\/p>\n\n\n\n<p>Reprise le samedi apr\u00e8s-midi sous un ciel mena\u00e7ant qui a pu motiver quelques changements de lieux de sc\u00e8nes. En fin d\u2019apr\u00e8s-midi, coup de pouce aux Porteurs d\u2019Histoires pour leurs \u00ab&nbsp;Hautes d\u00e9finitions&nbsp;\u00bb, un moment instructif et divertissant autour des mots, avant les discours, l\u2019ap\u00e9ritif offert par la municipalit\u00e9 et le repas partag\u00e9 en toute convivialit\u00e9 sous les barnums du village du Festival.<\/p>\n\n\n\n<p>En raison du risque m\u00e9t\u00e9o, le spectacle de fin de soir\u00e9e s\u2019est install\u00e9 dans les Halles de Gascogne o\u00f9 la compagnie Le Piston Errant a donc pr\u00e9sent\u00e9 pour la premi\u00e8re fois en int\u00e9rieur \u00ab Le grand 49,9&nbsp;\u00bb, un voyage extravagant en mobylette un peu trafiqu\u00e9e, musique rock et p\u00e9tarades, fum\u00e9e et projections diverses, avec la complicit\u00e9 de spectateurs-cobayes qui n\u2019ont pas d\u00e9m\u00e9rit\u00e9.<\/p>\n\n\n\n<p>Le dimanche apr\u00e8s-midi, derni\u00e8res repr\u00e9sentations avant le spectacle de cl\u00f4ture, \u00ab&nbsp;Cartable&nbsp;\u00bb de la Compagnie Toujours l\u00e0. Gloria da Queija a interpr\u00e8t\u00e9 la ma\u00eetresse et tous les \u00e9l\u00e8ves d\u2019une classe de CE1, un seule-en-sc\u00e8ne dr\u00f4le et \u00e9mouvant, \u00e9vocateur pour bien des enseignants pr\u00e9sents dans le public et pour les anciens \u00e9l\u00e8ves que nous sommes tous.<\/p>\n\n\n\n<p>Un anniversaire m\u00e9morable qui doit son succ\u00e8s comme chaque ann\u00e9e \u00e0 l\u2019engagement des b\u00e9n\u00e9voles et des r\u00e9gisseurs des Sc\u00e8nes Buissonni\u00e8res et aux moyens humains et mat\u00e9riels mis en \u0153uvre par la commune d\u2019accueil et ses associations.<\/p>\n\n\n\n<p>Merci pour leur soutien logistique et\/ou financier \u00e0 la Commune de L\u00e9ognan, \u00e0 la Communaut\u00e9 de Communes de Montesquieu, au D\u00e9partement de la Gironde et \u00e0 l\u2019IDDAC.<\/p>\n\n\n\n<p>Merci et bravo aux troupes participantes&nbsp;:<\/p>\n\n\n\n<ul>\n<li>ACTE<\/li>\n\n\n\n<li>Actipousses<\/li>\n\n\n\n<li>Atelier Jeunes<\/li>\n\n\n\n<li>Au fil de I\u2019acte<\/li>\n\n\n\n<li>Carabistouille<\/li>\n\n\n\n<li>Brins de Chants<\/li>\n\n\n\n<li>Cie Toujours l\u00e0<\/li>\n\n\n\n<li>Cie Lapin 34<\/li>\n\n\n\n<li>Cie Le Piston Errant<\/li>\n\n\n\n<li>Com\u00e9diens en Herbe<\/li>\n\n\n\n<li>Compagnie de la Laurence<\/li>\n\n\n\n<li>Compagnie la Joyeuse<\/li>\n\n\n\n<li>Compagnie Mascaron Th\u00e9\u00e2tre<\/li>\n\n\n\n<li>Contempo<\/li>\n\n\n\n<li>DESIDELA et Le Choeur des Trois Rives<\/li>\n\n\n\n<li>Franke Sailla Duo<\/li>\n\n\n\n<li>Groupe d\u2019Intervention Artistique<\/li>\n\n\n\n<li>La Sauce Th\u00e9\u00e2tre<\/li>\n\n\n\n<li>L\u2019Alambic \u00e0 Jeux de Mots<\/li>\n\n\n\n<li>Le F.L.I.P<\/li>\n\n\n\n<li>Le Nonchaloir<\/li>\n\n\n\n<li>Le Petit Alambic \u00e0 Jeux de Mots<\/li>\n\n\n\n<li>Les Adorateurs<\/li>\n\n\n\n<li>Les Affreux disent Yak<\/li>\n\n\n\n<li>Les Clac Eph\u00e9m\u00e8res<\/li>\n\n\n\n<li>Les \u00c9coles de L\u00e9ognan<\/li>\n\n\n\n<li>Les Enfants du P\u00e9risco<\/li>\n\n\n\n<li>Les F\u00e9es dansent<\/li>\n\n\n\n<li>Les Lames de Montesquieu<\/li>\n\n\n\n<li>Les lecteurs<\/li>\n\n\n\n<li>Les Mille Sources<\/li>\n\n\n\n<li>Les Nougakids<\/li>\n\n\n\n<li>Les Petits Maux en Bulle<\/li>\n\n\n\n<li>Les Porteurs d\u2019Histoires<\/li>\n\n\n\n<li>Les Strapontins<\/li>\n\n\n\n<li>Les Tamalous<\/li>\n\n\n\n<li>Les Tr\u00e9teaux de Saumos<\/li>\n\n\n\n<li>Les Z\u2019improductibles<\/li>\n\n\n\n<li>Orchestre d\u2019Harmonie Junior<\/li>\n\n\n\n<li>Sans Sc\u00e8ne Fixe<\/li>\n\n\n\n<li>Th\u00e9\u00e2tre Masqu\u00e9<\/li>\n\n\n\n<li>TQAD<\/li>\n\n\n\n<li>Voix Si Voix La<\/li>\n<\/ul>\n\n\n\n<p>Mais aussi \u00e0&nbsp;:<\/p>\n\n\n\n<ul>\n<li>La librairie itin\u00e9rante D\u2019abord des Livres<\/li>\n\n\n\n<li>La ludoth\u00e8que de l\u2019AJC de l\u2019Isle Saint Georges<\/li>\n\n\n\n<li>L\u2019Office de tourisme Sud Bordeaux Tourisme<\/li>\n\n\n\n<li>Le caf\u00e9 associatif Kawa Nhan<\/li>\n\n\n\n<li>Les photographes de la Cyclope\u2019s Team<\/li>\n<\/ul>\n\n\n\n<p>qui nous accompagnent fid\u00e8lement.<\/p>\n\n\n\n<p>Rendez-vous en 2024 \u00e0 Saint=Morillon&nbsp;!<\/p>\n\n\n\n<p><\/p>\n","protected":false},"excerpt":{"rendered":"<p>Avoir 25 ans \u00e0 L\u00e9ognan Un quart de si\u00e8cle \u00e0 parcourir les Terres de Montesquieu&nbsp;! Notre festival revient dans les communes d\u00e9j\u00e0 visit\u00e9es mais qui ont \u00e9volu\u00e9 au cours de cette p\u00e9riode. Nous aussi avons \u00e9volu\u00e9 en \u00e9largissant notre offre &hellip;<\/p>\n<p class=\"read-more\"> <a class=\"more-link\" href=\"https:\/\/www.scenesbuissonnieres.com\/scenesB\/au-revoir\/au-revoir-2022\/\"> <span class=\"screen-reader-text\">Au revoir 2023<\/span> Read More &raquo;<\/a><\/p>\n","protected":false},"author":2,"featured_media":0,"parent":224,"menu_order":0,"comment_status":"closed","ping_status":"closed","template":"","meta":[],"yoast_head":"<!-- This site is optimized with the Yoast SEO plugin v21.8.1 - https:\/\/yoast.com\/wordpress\/plugins\/seo\/ -->\n<title>Au revoir 2023 - Sc\u00e8nes Buissonni\u00e8res<\/title>\n<meta name=\"robots\" content=\"index, follow, max-snippet:-1, max-image-preview:large, max-video-preview:-1\" \/>\n<link rel=\"canonical\" href=\"https:\/\/www.scenesbuissonnieres.com\/scenesB\/au-revoir\/au-revoir-2022\/\" \/>\n<meta property=\"og:locale\" content=\"fr_FR\" \/>\n<meta property=\"og:type\" content=\"article\" \/>\n<meta property=\"og:title\" content=\"Au revoir 2023 - Sc\u00e8nes Buissonni\u00e8res\" \/>\n<meta property=\"og:description\" content=\"Avoir 25 ans \u00e0 L\u00e9ognan Un quart de si\u00e8cle \u00e0 parcourir les Terres de Montesquieu&nbsp;! Notre festival revient dans les communes d\u00e9j\u00e0 visit\u00e9es mais qui ont \u00e9volu\u00e9 au cours de cette p\u00e9riode. Nous aussi avons \u00e9volu\u00e9 en \u00e9largissant notre offre &hellip; Au revoir 2023 Read More &raquo;\" \/>\n<meta property=\"og:url\" content=\"https:\/\/www.scenesbuissonnieres.com\/scenesB\/au-revoir\/au-revoir-2022\/\" \/>\n<meta property=\"og:site_name\" content=\"Sc\u00e8nes Buissonni\u00e8res\" \/>\n<meta property=\"article:modified_time\" content=\"2024-10-17T15:09:05+00:00\" \/>\n<meta name=\"twitter:card\" content=\"summary_large_image\" \/>\n<meta name=\"twitter:label1\" content=\"Dur\u00e9e de lecture estim\u00e9e\" \/>\n\t<meta name=\"twitter:data1\" content=\"4 minutes\" \/>\n<script type=\"application\/ld+json\" class=\"yoast-schema-graph\">{\"@context\":\"https:\/\/schema.org\",\"@graph\":[{\"@type\":\"WebPage\",\"@id\":\"https:\/\/www.scenesbuissonnieres.com\/scenesB\/au-revoir\/au-revoir-2022\/\",\"url\":\"https:\/\/www.scenesbuissonnieres.com\/scenesB\/au-revoir\/au-revoir-2022\/\",\"name\":\"Au revoir 2023 - Sc\u00e8nes Buissonni\u00e8res\",\"isPartOf\":{\"@id\":\"http:\/\/www.scenesbuissonnieres.com\/scenesB\/#website\"},\"datePublished\":\"2023-01-17T07:56:04+00:00\",\"dateModified\":\"2024-10-17T15:09:05+00:00\",\"breadcrumb\":{\"@id\":\"https:\/\/www.scenesbuissonnieres.com\/scenesB\/au-revoir\/au-revoir-2022\/#breadcrumb\"},\"inLanguage\":\"fr-FR\",\"potentialAction\":[{\"@type\":\"ReadAction\",\"target\":[\"https:\/\/www.scenesbuissonnieres.com\/scenesB\/au-revoir\/au-revoir-2022\/\"]}]},{\"@type\":\"BreadcrumbList\",\"@id\":\"https:\/\/www.scenesbuissonnieres.com\/scenesB\/au-revoir\/au-revoir-2022\/#breadcrumb\",\"itemListElement\":[{\"@type\":\"ListItem\",\"position\":1,\"name\":\"Accueil\",\"item\":\"http:\/\/www.scenesbuissonnieres.com\/scenesB\/\"},{\"@type\":\"ListItem\",\"position\":2,\"name\":\"Au Revoir\",\"item\":\"http:\/\/www.scenesbuissonnieres.com\/scenesB\/au-revoir\/\"},{\"@type\":\"ListItem\",\"position\":3,\"name\":\"Au revoir 2023\"}]},{\"@type\":\"WebSite\",\"@id\":\"http:\/\/www.scenesbuissonnieres.com\/scenesB\/#website\",\"url\":\"http:\/\/www.scenesbuissonnieres.com\/scenesB\/\",\"name\":\"Sc\u00e8nes Buissonni\u00e8res\",\"description\":\"Le Festival de Th\u00e9\u00e2tre\",\"publisher\":{\"@id\":\"http:\/\/www.scenesbuissonnieres.com\/scenesB\/#organization\"},\"potentialAction\":[{\"@type\":\"SearchAction\",\"target\":{\"@type\":\"EntryPoint\",\"urlTemplate\":\"http:\/\/www.scenesbuissonnieres.com\/scenesB\/?s={search_term_string}\"},\"query-input\":\"required name=search_term_string\"}],\"inLanguage\":\"fr-FR\"},{\"@type\":\"Organization\",\"@id\":\"http:\/\/www.scenesbuissonnieres.com\/scenesB\/#organization\",\"name\":\"Sc\u00e8nes Buissonni\u00e8res\",\"url\":\"http:\/\/www.scenesbuissonnieres.com\/scenesB\/\",\"logo\":{\"@type\":\"ImageObject\",\"inLanguage\":\"fr-FR\",\"@id\":\"http:\/\/www.scenesbuissonnieres.com\/scenesB\/#\/schema\/logo\/image\/\",\"url\":\"https:\/\/www.scenesbuissonnieres.com\/scenesB\/wp-content\/uploads\/2025\/12\/Bandeau_Site_2026.png\",\"contentUrl\":\"https:\/\/www.scenesbuissonnieres.com\/scenesB\/wp-content\/uploads\/2025\/12\/Bandeau_Site_2026.png\",\"width\":760,\"height\":200,\"caption\":\"Sc\u00e8nes Buissonni\u00e8res\"},\"image\":{\"@id\":\"http:\/\/www.scenesbuissonnieres.com\/scenesB\/#\/schema\/logo\/image\/\"}}]}<\/script>\n<!-- \/ Yoast SEO plugin. -->","yoast_head_json":{"title":"Au revoir 2023 - Sc\u00e8nes Buissonni\u00e8res","robots":{"index":"index","follow":"follow","max-snippet":"max-snippet:-1","max-image-preview":"max-image-preview:large","max-video-preview":"max-video-preview:-1"},"canonical":"https:\/\/www.scenesbuissonnieres.com\/scenesB\/au-revoir\/au-revoir-2022\/","og_locale":"fr_FR","og_type":"article","og_title":"Au revoir 2023 - Sc\u00e8nes Buissonni\u00e8res","og_description":"Avoir 25 ans \u00e0 L\u00e9ognan Un quart de si\u00e8cle \u00e0 parcourir les Terres de Montesquieu&nbsp;! Notre festival revient dans les communes d\u00e9j\u00e0 visit\u00e9es mais qui ont \u00e9volu\u00e9 au cours de cette p\u00e9riode. Nous aussi avons \u00e9volu\u00e9 en \u00e9largissant notre offre &hellip; Au revoir 2023 Read More &raquo;","og_url":"https:\/\/www.scenesbuissonnieres.com\/scenesB\/au-revoir\/au-revoir-2022\/","og_site_name":"Sc\u00e8nes Buissonni\u00e8res","article_modified_time":"2024-10-17T15:09:05+00:00","twitter_card":"summary_large_image","twitter_misc":{"Dur\u00e9e de lecture estim\u00e9e":"4 minutes"},"schema":{"@context":"https:\/\/schema.org","@graph":[{"@type":"WebPage","@id":"https:\/\/www.scenesbuissonnieres.com\/scenesB\/au-revoir\/au-revoir-2022\/","url":"https:\/\/www.scenesbuissonnieres.com\/scenesB\/au-revoir\/au-revoir-2022\/","name":"Au revoir 2023 - Sc\u00e8nes Buissonni\u00e8res","isPartOf":{"@id":"http:\/\/www.scenesbuissonnieres.com\/scenesB\/#website"},"datePublished":"2023-01-17T07:56:04+00:00","dateModified":"2024-10-17T15:09:05+00:00","breadcrumb":{"@id":"https:\/\/www.scenesbuissonnieres.com\/scenesB\/au-revoir\/au-revoir-2022\/#breadcrumb"},"inLanguage":"fr-FR","potentialAction":[{"@type":"ReadAction","target":["https:\/\/www.scenesbuissonnieres.com\/scenesB\/au-revoir\/au-revoir-2022\/"]}]},{"@type":"BreadcrumbList","@id":"https:\/\/www.scenesbuissonnieres.com\/scenesB\/au-revoir\/au-revoir-2022\/#breadcrumb","itemListElement":[{"@type":"ListItem","position":1,"name":"Accueil","item":"http:\/\/www.scenesbuissonnieres.com\/scenesB\/"},{"@type":"ListItem","position":2,"name":"Au Revoir","item":"http:\/\/www.scenesbuissonnieres.com\/scenesB\/au-revoir\/"},{"@type":"ListItem","position":3,"name":"Au revoir 2023"}]},{"@type":"WebSite","@id":"http:\/\/www.scenesbuissonnieres.com\/scenesB\/#website","url":"http:\/\/www.scenesbuissonnieres.com\/scenesB\/","name":"Sc\u00e8nes Buissonni\u00e8res","description":"Le Festival de Th\u00e9\u00e2tre","publisher":{"@id":"http:\/\/www.scenesbuissonnieres.com\/scenesB\/#organization"},"potentialAction":[{"@type":"SearchAction","target":{"@type":"EntryPoint","urlTemplate":"http:\/\/www.scenesbuissonnieres.com\/scenesB\/?s={search_term_string}"},"query-input":"required name=search_term_string"}],"inLanguage":"fr-FR"},{"@type":"Organization","@id":"http:\/\/www.scenesbuissonnieres.com\/scenesB\/#organization","name":"Sc\u00e8nes Buissonni\u00e8res","url":"http:\/\/www.scenesbuissonnieres.com\/scenesB\/","logo":{"@type":"ImageObject","inLanguage":"fr-FR","@id":"http:\/\/www.scenesbuissonnieres.com\/scenesB\/#\/schema\/logo\/image\/","url":"https:\/\/www.scenesbuissonnieres.com\/scenesB\/wp-content\/uploads\/2025\/12\/Bandeau_Site_2026.png","contentUrl":"https:\/\/www.scenesbuissonnieres.com\/scenesB\/wp-content\/uploads\/2025\/12\/Bandeau_Site_2026.png","width":760,"height":200,"caption":"Sc\u00e8nes Buissonni\u00e8res"},"image":{"@id":"http:\/\/www.scenesbuissonnieres.com\/scenesB\/#\/schema\/logo\/image\/"}}]}},"_links":{"self":[{"href":"https:\/\/www.scenesbuissonnieres.com\/scenesB\/wp-json\/wp\/v2\/pages\/1062"}],"collection":[{"href":"https:\/\/www.scenesbuissonnieres.com\/scenesB\/wp-json\/wp\/v2\/pages"}],"about":[{"href":"https:\/\/www.scenesbuissonnieres.com\/scenesB\/wp-json\/wp\/v2\/types\/page"}],"author":[{"embeddable":true,"href":"https:\/\/www.scenesbuissonnieres.com\/scenesB\/wp-json\/wp\/v2\/users\/2"}],"replies":[{"embeddable":true,"href":"https:\/\/www.scenesbuissonnieres.com\/scenesB\/wp-json\/wp\/v2\/comments?post=1062"}],"version-history":[{"count":2,"href":"https:\/\/www.scenesbuissonnieres.com\/scenesB\/wp-json\/wp\/v2\/pages\/1062\/revisions"}],"predecessor-version":[{"id":1335,"href":"https:\/\/www.scenesbuissonnieres.com\/scenesB\/wp-json\/wp\/v2\/pages\/1062\/revisions\/1335"}],"up":[{"embeddable":true,"href":"https:\/\/www.scenesbuissonnieres.com\/scenesB\/wp-json\/wp\/v2\/pages\/224"}],"wp:attachment":[{"href":"https:\/\/www.scenesbuissonnieres.com\/scenesB\/wp-json\/wp\/v2\/media?parent=1062"}],"curies":[{"name":"wp","href":"https:\/\/api.w.org\/{rel}","templated":true}]}}